+ -31b?
-313
In base 12, what is -5459 - -5?
-5454
In base 9, what is 0 - -1336?
1336
In base 9, what is -1 - 30?
-31
In base 6, what is 113 + -140?
-23
In base 4, what is -121120 + 0?
-121120
In base 14, what is -1 + d0?
cd
In base 12, what is 165 + -4?
161
In base 14, what is -ab - 1?
-ac
In base 6, what is 1431 + -5?
1422
In base 2, what is -10 - -11011?
11001
In base 3, what is 2022111 - -11?
2022122
In base 4, what is 1110132 + 0?
1110132
In base 16, what is -5 + 11e?
119
In base 5, what is 44 - -131?
230
In base 10, what is 56 - 100?
-44
In base 3, what is -11201 + 21?
-11110
In base 4, what is -10 - 3122?
-3132
In base 15, what is 2 + -1?
1
In base 10, what is -5 - -4119?
4114
In base 10, what is -4 + 579?
575
In base 8, what is -616 - 5?
-623
In base 10, what is -2563 - 3?
-2566
In base 8, what is -220 - 5?
-225
In base 10, what is 32 - -89?
121
In base 12, what is 3 + -1767?
-1764
In base 9, what is 5 + -406?
-401
In base 3, what is -10100 - 2100?
-12200
In base 5, what is 1 - 13230?
-13224
In base 3, what is 0 - -110?
110
In base 12, what is 45 + -4?
41
In base 12, what is -2 + -528?
-52a
In base 8, what is -74 + 12?
-62
In base 15, what is -7dd - 0?
-7dd
In base 6, what is -14020 + -5?
-14025
In base 10, what is -4 - -16?
12
In base 2, what is -100 - -101100?
101000
In base 6, what is 0 - -50314?
50314
In base 12, what is -10 + -23?
-33
In base 6, what is 4 - -2012?
2020
In base 16, what is 154f - 3?
154c
In base 15, what is a3c - 4?
a38
In base 11, what is -755 - 3?
-758
In base 12, what is -3 - b37?
-b3a
In base 5, what is -1 + 1001?
1000
In base 4, what is 3 + -1030?
-1021
In base 13, what is 4238 - -5?
4240
In base 13, what is -812 + 2?
-810
In base 15, what is 21 + 119?
13a
In base 2, what is -10011 + -110?
-11001
In base 12, what is -99 - -16?
-83
In base 16, what is 17 - -6?
1d
In base 7, what is 2140 - -3?
2143
In base 9, what is 67804 + 4?
67808
In base 8, what is 140 - 144?
-4
In base 15, what is 3 + d2?
d5
In base 15, what is -1 + d?
c
In base 6, what is -2 + -5334?
-5340
In base 14, what is -1a + -5?
-21
In base 5, what is 1020442 + 4?
1021001
In base 8, what is -26 + -62?
-110
In base 14, what is a + 7a6?
7b2
In base 2, what is 101 + 110010011110?
110010100011
In base 4, what is 10010 - 3?
10001
In base 15, what is -5 + -123?
-128
In base 3, what is 10 + 1002?
1012
In base 15, what is -b6 + 0?
-b6
In base 14, what is -3 + -31?
-34
In base 3, what is -1 + 122000?
121222
In base 16, what is f8 - 2?
f6
In base 9, what is 13 - 10?
3
In base 13, what is 6 + 40?
46
In base 6, what is -1015 + -1?
-1020
In base 14, what is 1 + -c4b?
-c4a
In base 16, what is -28 - 6?
-2e
In base 15, what is 5 + -1e?
-19
In base 15, what is 168 - 3?
165
In base 5, what is -114110 - 3?
-114113
In base 13, what is -89 + 3a?
-4c
In base 7, what is -31213 + 5?
-31205
In base 8, what is -3 - -44?
41
In base 6, what is -4 - -15315?
15311
In base 3, what is 21120 + -11202?
2211
In base 13, what is 1a6 - 5?
1a1
In base 10, what is -71 - 25?
-96
In base 12, what is 13 + 3?
16
In base 15, what is -9 - 38?
-42
In base 13, what is -3 - -29b?
298
In base 10, what is 4 - 7?
-3
In base 15, what is 0 + -a?
-a
In base 7, what is -6315 + -4?
-6322
In base 5, what is -112 - -13?
-44
In base 14, what is 3 + -9a8?
-9a5
In base 15, what is 3 - 8e?
-8b
In base 9, what is -3630 + 3?
-3626
In base 4, what is -2 - -1003013?
1003011
In base 13, what is 3 + -5c8?
-5c5
In base 3, what is 10022 + 0?
10022
In base 8, what is -34 - 15?
-51
In base 12, what is 259 + -32?
227
In base 12, what is 5 - -55?
5a
In base 2, what is 0 - 1110000100111?
-1110000100111
In base 4, what is 113 - -1?
120
In base 13, what is -1 - 0?
-1
In base 2, what is 1 + -110010?
-110001
In base 4, what is 110 - 1?
103
In base 3, what is 11001022101 + 11?
11001022112
In base 11, what is 99 - -5?
a3
In base 2, what is -100010110 + -101?
-100011011
In base 4, what is 1 + 110?
111
In base 12, what is 0 - -131?
131
In base 10, what is 10017 - -2?
10019
In base 6, what is 250 + -50?
200
In base 4, what is 223 + 11201?
12030
In base 10, what is -48 - -11?
-37
In base 10, what is -5664 + 3?
-5661
In base 15, what is -6d + c?
-61
In base 9, what is 0 + -60?
-60
In base 12, what is 13 - -99?
b0
In base 5, what is 23 - -2?
30
In base 9, what is -1 + -566?
-567
In base 15, what is -b0 + 7?
-a8
In base 7, what is -10 - -56?
46
In base 12, what is 7 + -88?
-81
In base 7, what is -30 + 111?
51
In base 7, what is 55 + 11?
66
In base 7, what is 204 + 25?
232
In base 4, what is -20 + 11?
-3
In base 12, what is 101 - -5?
106
In base 5, what is -213443 - 2?
-214000
In base 13, what is 140 - 2?
13b
In base 14, what is 56 - 0?
56
In base 15, what is 0 + -42?
-42
In base 9, what is -47 - 3?
-51
In base 4, what is -10 - 11003?
-11013
In base 6, what is -5 + 23?
14
In base 3, what is -12 - 102020?
-102102
In base 2, what is -100 + -1010000?
-1010100
In base 7, what is 1 - -455?
456
In base 3, what is -11 - -2?
-2
In base 11, what is 160 + 1?
161
In base 5, what is -10 - -1244?
1234
In base 10, what is -1000 + -1?
-1001
In base 3, what is -1 - -10112?
10111
In base 10, what is -18 - 0?
-18
In base 8, what is -46 + 17?
-27
In base 13, what is 0 - 145?
-145
In base 13, what is -3 + b15?
b12
In base 15, what is b + -145?
-139
In base 8, what is 10 + -5?
3
In base 3, what is 22210 - 1?
22202
In base 14, what is 8 - -12?
1a
In base 2, what is -100100 + 1100?
-11000
In base 10, what is -341 - 0?
-341
In base 8, what is -54 + 3?
-51
In base 11, what is 1aa4 + 0?
1aa4
In base 8, what is -31 - -104?
53
In base 2, what is -11001000100 - -1?
-11001000011
In base 8, what is -12 - 107?
-121
In base 8, what is -3 + 17?
14
In base 16, what is -2 + e?
c
In base 4, what is -100133 + 11?
-100122
In base 8, what is 103 + 15?
120
In base 16, what is 2 - -1?
3
In base 5, what is -142 + 3?
-134
In base 9, what is 28080 - 0?
28080
In base 4, what is 301 + 11?
312
In base 15, what is -2 + -b?
-d
In base 3, what is -122220 + 20?
-122200
In base 15, what is -d60 + 0?
-d60
In base 6, what is -5424 + 1?
-5423
In base 6, what is -224 + 300?
32
In base 13, what is 1c + -cc?
-b0
In base 11, what is 2 - 240?
-239
In base 3, what is -11111 - -2120?
-1221
In base 7, what is -3 + 102?
66
In base 7, what is -4 - -120?
113
In base 10, what is -385 - -2?
-383
In base 7, what is -220 - -11?
-206
In base 3, what is -21121012 + -1?
-21121020
In base 8, what is -7 + 15?
6
In base 2, what is 1101 + -101000110?
-100111001
In base 16, what is a + -8c8?
-8be
In base 8, what is -143 - -17?
-124
In base 3, what is 10210 - 12?
10121
In base 12, what is -b39 - -4?
-b35
In base 15, what is -2 - 245?
-247
In base 8, what is -2 + 6670?
6666
In base 7, what is -21 + 5?
-13
In base 2, what is -101 + 110100?
101111
In base 10, what is 30114 + 2?
30116
In base 5, what is -401 + 1?
-400
In base 13, what is -1 - -28?
27
In base 10, what is -4 - -2162?
2158
In base 15, what is -a + 2?
-8
In base 8, what is 5 + -750?
-743
In base 11, what is a - -37a?
389
In base 2, what is 10000100 + 1?
10000101
In base 8, what is 1 + 200?
201
In base 15, what is -15 - 73?
-88
In base 5, what is 24100 + 4?
24104
In base 13, what is -25 + 8?
-1a
In base 9, what is 688 + 1?
700
In base 16, what is -56 + -3?
-59
In base 13, what is 7 - 5?
2
In base 4, what is 21 + 2230?
2311
In base 15, what is 5 - -42a?
430
In base 13, what is 4 - 68?
-64
In base 15, what is -4 + -73?
-77
In base 16, what is 1 - -b?
c
In base 7, what is -103 + -3?
-106
In base 16, what is -2 - -1c?
1a
In base 10, what is 711 - 0?
711
In base 3, what is -11002 - -12?
-10220
In base 2, what is 1 + 1011010110?
1011010111
In base 11, what is 3 - 209?
-206
In base 8, what is -354 + -5?
-361
In base 12, what is 105 - -4?
109
In base 6, what is 20 - -12501?
12521
In base 10, what is 180 + 12?
192
In base 13, what is 2b0 + -a?
2a3
In base 11, what is 5 + -152a?
-1525
In base 14, what is 1a - -3?
1d
In base 5, what is 14 + 22?
41
In base 2, what is -101 - 1001011?
-1010000
In base 6, what is 2 - 21?
-15
In base 6, what is -5 + -21013?
-21022
In base 8, what is 2625 + 5?
2632
In base 8, what is -13224 + 2?
-13222
In base 9, what is 2 - 1172?
-1170
In base 15, what is -23 - 21?
-44
In base 7, what is -5 + 405?
400
In base 5, what is 12021 - -4?
12